{"id":20,"date":"2012-12-30T16:38:21","date_gmt":"2012-12-30T15:38:21","guid":{"rendered":"http:\/\/gyn-vas.cz\/?page_id=20"},"modified":"2019-05-29T18:54:41","modified_gmt":"2019-05-29T17:54:41","slug":"kontakt","status":"publish","type":"page","link":"https:\/\/www.gyn-vas.cz\/?page_id=20","title":{"rendered":"Kontakt"},"content":{"rendered":"<table>\n<tbody>\n<tr>\n<td>Adresa:<\/td>\n<td>MUDr. Jana Va\u0161inov\u00e1<br>K\u0159enov\u00e1 73<br>602&nbsp;00 Brno<\/td>\n<\/tr>\n<tr>\n<td>Telefon:<\/td>\n<td>543&nbsp;255&nbsp;048<\/td>\n<\/tr>\n<tr>\n<td>Mobil:<\/td>\n<td>733&nbsp;676&nbsp;181<\/td>\n<\/tr>\n<tr>\n<td>Objedn\u00e1v\u00e1n\u00ed:<\/td>\n<td>objednat se lze <span style=\"text-decoration: underline;\">pouze telefonicky<\/span> na v\u00fd\u0161e uveden\u00fdch \u010d\u00edslech.<\/td>\n<\/tr>\n<tr>\n<td>Email:<\/td>\n<td><a href=\"mailto:ambul@gyn-vas.cz\">ambul@gyn-vas.cz<\/a><br>(recepty, v\u00fdsledky cytologie a dotazy na sestru)<\/td>\n<\/tr>\n<tr>\n<td>&nbsp;<\/td>\n<td>\n<p><a href=\"mailto:vasinova@gyn-vas.cz\">vasinova@gyn-vas.cz<\/a><br>(pro odborn\u00e9 dotazy a konzultace l\u00e9ka\u0159em)<\/p>\n<\/td>\n<\/tr>\n<tr>\n<td>&nbsp;<\/td>\n<td>Dovolujeme si upozornit, \u017ee<span style=\"text-decoration: underline;\"> emaily jsou \u010dteny pouze v ordina\u010dn\u00edch hodin\u00e1ch<\/span>. Nejsou \u010dteny mimo ordina\u010dn\u00ed dobu, o v\u00edkendu, sv\u00e1tc\u00edch a dovolen\u00e9!! Email tak\u00e9 neslou\u017e\u00ed k \u0159e\u0161en\u00ed akutn\u00edch obt\u00ed\u017e\u00ed.<\/td>\n<\/tr>\n<tr>\n<td>Web:<\/td>\n<td><a title=\"Gynekologicko-porodnick\u00e1 ambulance MUDr. Jana Va\u0161inov\u00e1\" href=\"https:\/\/www.gyn-vas.cz\/\">www.gyn-vas.cz<\/a><\/td>\n<\/tr>\n<\/tbody>\n<\/table>\n<p><\/p>\n<h3><a href=\"\/?page_id=248\">Jak n\u00e1s najdete<\/a><a class=\"highslide img_1\" href=\"https:\/\/www.gyn-vas.cz\/wp-content\/uploads\/Krenova-web.jpg\" onclick=\"return hs.expand(this)\"><img loading=\"lazy\" decoding=\"async\" class=\"alignright size-medium wp-image-521\" src=\"https:\/\/www.gyn-vas.cz\/wp-content\/uploads\/Krenova-web-300x225.jpg\" alt=\"\" width=\"300\" height=\"225\" srcset=\"https:\/\/www.gyn-vas.cz\/wp-content\/uploads\/Krenova-web-300x225.jpg 300w, https:\/\/www.gyn-vas.cz\/wp-content\/uploads\/Krenova-web-768x576.jpg 768w, https:\/\/www.gyn-vas.cz\/wp-content\/uploads\/Krenova-web-1024x768.jpg 1024w, https:\/\/www.gyn-vas.cz\/wp-content\/uploads\/Krenova-web-624x468.jpg 624w, https:\/\/www.gyn-vas.cz\/wp-content\/uploads\/Krenova-web.jpg 1280w\" sizes=\"(max-width: 300px) 100vw, 300px\" \/><\/a><\/h3>\n\n\n<ul class=\"wp-block-list\"><li><a rel=\"noreferrer noopener\" href=\"http:\/\/www.mapy.cz\/zakladni?q=K%C5%99enov%C3%A1%20493%2F73%2C%20Brno&amp;l=0&amp;x=16.625519020178913&amp;y=49.19140942600035&amp;z=16\" target=\"_blank\">Mapa<\/a><\/li><li><a class=\"highslide img_2\" href=\"https:\/\/www.gyn-vas.cz\/wp-content\/uploads\/Krenova-web.jpg\" onclick=\"return hs.expand(this)\"><\/a><strong>ambulance s\u00eddl\u00ed ve 4. pat\u0159e budovy \u010d. 73 s bezbari\u00e9rov\u00fdm vstupem a v\u00fdtahem<\/strong> (vchod vedle obchodu potravin &#8222;\u017dabka&#8220;, d\u0159\u00edve &#8222;Billa&#8220;).<\/li><li>vstupn\u00ed dve\u0159e budovy jsou zam\u010den\u00e9, po zad\u00e1n\u00ed k\u00f3du pro na\u0161i ambulanci &#8211; <strong><em>pozor, nov\u011b je k\u00f3d 150<\/em><\/strong> &#8211; v\u00e1m asistentka d\u00e1lkov\u011b otev\u0159e.<\/li><li>MHD: tramvaje \u010d.\u00a08, 10 nebo 12 z Hlavn\u00edho n\u00e1dra\u017e\u00ed sm\u011brem do L\u00ed\u0161n\u011b nebo Juli\u00e1nova, vystoupit na zast\u00e1vce Masn\u00e1 (2. zast\u00e1vka), rohov\u00e1 budova asi 30m zp\u011bt do m\u011bsta.<\/li><li><strong>autem: parkovat<\/strong> lze v podzemn\u00edch gar\u00e1\u017e\u00edch, maxim\u00e1ln\u011b 1 hodinu zdarma, vjezd z vedlej\u0161\u00ed budovy K\u0159enov\u00e1 71 (prosklen\u00e1 budova s l\u00e9k\u00e1rnou). Z\u00e1voru v\u00e1m otev\u0159eme po zad\u00e1n\u00ed k\u00f3du na\u0161\u00ed ambulance &#8211; &#8222;150&#8220; a zvone\u010dek. V gar\u00e1\u017e\u00edch sledujte cedule kter\u00e9 v\u00e1s navedou na parkovac\u00ed m\u00edsta &#8222;host\u00e9&#8220;. Je pot\u0159eba d\u00e1t pozor na v\u00fdtah &#8211; z gar\u00e1\u017e\u00ed vedou jak do budovy \u010d. 71, tak k n\u00e1m do budovy \u010d. 73 (v\u00fdtah v nejza\u017e\u0161\u00ed \u010d\u00e1sti gar\u00e1\u017e\u00ed). P\u0159\u00edpadn\u011b mo\u017eno parkovat v okoln\u00edch ulic\u00edch, nejl\u00e9pe v ulici Masn\u00e1. Za kancel\u00e1\u0159skou budovou &#8222;U Zderada&#8220; je v\u011bt\u0161\u00ed parkovi\u0161t\u011b.<\/li><li>L\u00e9k\u00e1rna a ambulance d\u011btsk\u00e9ho l\u00e9ka\u0159e je v sousedn\u00ed budov\u011b K\u0159enov\u00e1 71<\/li><\/ul>\n","protected":false},"excerpt":{"rendered":"<p>Adresa: MUDr. Jana Va\u0161inov\u00e1K\u0159enov\u00e1 73602&nbsp;00 Brno Telefon: 543&nbsp;255&nbsp;048 Mobil: 733&nbsp;676&nbsp;181 Objedn\u00e1v\u00e1n\u00ed: objednat se lze pouze telefonicky na v\u00fd\u0161e uveden\u00fdch \u010d\u00edslech. Email: ambul@gyn-vas.cz(recepty, v\u00fdsledky cytologie a dotazy na sestru) &nbsp; vasinova@gyn-vas.cz(pro odborn\u00e9 dotazy a konzultace l\u00e9ka\u0159em) &nbsp; Dovolujeme si upozornit, \u017ee emaily jsou \u010dteny pouze v ordina\u010dn\u00edch hodin\u00e1ch. Nejsou \u010dteny mimo ordina\u010dn\u00ed dobu, o v\u00edkendu, sv\u00e1tc\u00edch [&hellip;]<\/p>\n","protected":false},"author":1,"featured_media":0,"parent":0,"menu_order":0,"comment_status":"open","ping_status":"open","template":"","meta":{"footnotes":""},"class_list":["post-20","page","type-page","status-publish","hentry"],"_links":{"self":[{"href":"https:\/\/www.gyn-vas.cz\/index.php?rest_route=\/wp\/v2\/pages\/20"}],"collection":[{"href":"https:\/\/www.gyn-vas.cz\/index.php?rest_route=\/wp\/v2\/pages"}],"about":[{"href":"https:\/\/www.gyn-vas.cz\/index.php?rest_route=\/wp\/v2\/types\/page"}],"author":[{"embeddable":true,"href":"https:\/\/www.gyn-vas.cz\/index.php?rest_route=\/wp\/v2\/users\/1"}],"replies":[{"embeddable":true,"href":"https:\/\/www.gyn-vas.cz\/index.php?rest_route=%2Fwp%2Fv2%2Fcomments&post=20"}],"version-history":[{"count":22,"href":"https:\/\/www.gyn-vas.cz\/index.php?rest_route=\/wp\/v2\/pages\/20\/revisions"}],"predecessor-version":[{"id":542,"href":"https:\/\/www.gyn-vas.cz\/index.php?rest_route=\/wp\/v2\/pages\/20\/revisions\/542"}],"wp:attachment":[{"href":"https:\/\/www.gyn-vas.cz\/index.php?rest_route=%2Fwp%2Fv2%2Fmedia&parent=20"}],"curies":[{"name":"wp","href":"https:\/\/api.w.org\/{rel}","templated":true}]}}